{"id":36,"date":"2020-04-11T16:15:30","date_gmt":"2020-04-11T16:15:30","guid":{"rendered":"http:\/\/tanzsportclub-flair.de\/?page_id=36"},"modified":"2026-04-07T19:45:31","modified_gmt":"2026-04-07T19:45:31","slug":"impressum-datenschutz","status":"publish","type":"page","link":"https:\/\/www.tanzsportclub-flair.de\/?page_id=36","title":{"rendered":"Impressum | Datenschutz"},"content":{"rendered":"\n<p><strong>Tanzsportclub Flair Herford e.V.<\/strong><br>Vertretungsberechtigter Vorstand gem. \u00a7 26 BGB:\u00a0Bj\u00f6rn Hollberg, Vorsitzender; Tim Kauling, 2. Vorsitzender; Laura Drowezki, Kassenwart. Registergericht: Amtsgericht Bad Oeynhausen Registernummer: VR 955<\/p>\n\n\n\n<p><strong>Tanzsportclub Flair L\u00fcbbecke e.V.<\/strong><br>Vertretungsberechtigter Vorstand gem. \u00a7 26 BGB:\u00a0Bj\u00f6rn Hollberg, Vorsitzender; Tim Kauling, 2. Vorsitzender; Laura Drowezki, Kassenwart. Registergericht: Amtsgericht Bad Oeynhausen Registernummer: VR 2071<\/p>\n\n\n\n<p>Inhaltlich Verantwortlicher gem\u00e4\u00df \u00a7 5 TMG und&nbsp; \u00a7 55 Abs. 2 RStV: Bj\u00f6rn Hollberg, Rathausplatz 3, 32120 Hiddenhausen<\/p>\n\n\n\n<p><br><\/p>\n\n\n\n<p>Email:&nbsp;info@tanzsportclub-flair.de | Internet: www.tanzsportclub-flair.de<\/p>\n\n\n\n<p><strong>Inhaltlich Verantwortlicher:<\/strong><br>Bj\u00f6rn Hollberg, Vorstand<br>Rathausplatz 3, 32120 Hiddenheusen<br>Email:&nbsp;info@tanzsportclub-flair.de&nbsp;\u00b7 Internet: www.tanzsportclub-flair.de<\/p>\n\n\n\n<p><strong>Haftungsausschluss und rechtlicher Hinweis<\/strong><br>Der Tanzsportclub Flair e.V. \u00fcberarbeitet und aktualisiert diese Website regelm\u00e4\u00dfig, um Ihnen richtige und vollst\u00e4ndige Informationen zur Verf\u00fcgung zu stellen. Dennoch k\u00f6nnen wir keine Haftung f\u00fcr direkte oder indirekte Sch\u00e4den \u00fcbernehmen, die aufgrund von auf dieser Website bereitgestellten Informationen entstehen, es sei denn, die Schadensursache beruht auf Vorsatz oder grober Fahrl\u00e4ssigkeit.<\/p>\n\n\n\n<p>Trotz sorgf\u00e4ltiger inhaltlicher Kontrolle \u00fcbernehmen wir keine Haftung f\u00fcr die Inhalte externer Links. Wir betonen ausdr\u00fccklich, dass wir keinerlei Einflu\u00df auf die Gestaltung dieser externen Links und die Inhalte der gelinkten Seiten haben. F\u00fcr den Inhalt der verlinkten Seiten sind ausschlie\u00dflich deren Betreiber verantwortlich.<br>\u00a9 Alle Rechte vorbehalten. S\u00e4mtliche Bilder, Grafiken und Inhalte unterliegen ebenso wie das Layout der gesamten Website dem Urheberrecht. Alle hier ver\u00f6ffentlichten Inhalte sind nur f\u00fcr die pers\u00f6nliche Information bestimmt. Jedwede weitergehende Verwendung, insbesondere die Ver\u00f6ffentlichung, Vervielf\u00e4ltigung und jede Form gewerblicher Nutzung sowie die Weitergabe an Dritte &#8211; auch in Teilen oder in \u00fcberarbeiteter Form &#8211; sind ohne unsere Zustimmung untersagt.<\/p>\n\n\n\n<h2 class=\"wp-block-heading\"><strong>Datenschutzerkl\u00e4rung<\/strong><\/h2>\n\n\n\n<p><strong>Umfang der Verarbeitung personenbezogener Daten<\/strong><\/p>\n\n\n\n<p>Wir erheben und verwenden personenbezogene Daten unserer Nutzer grunds\u00e4tzlich nur, soweit dies zur Bereitstellung einer funktionsf\u00e4higen Website sowie unserer Inhalte und Leistungen erforderlich ist. Die Erhebung und Verwendung personenbezogener Daten unserer Nutzer erfolgt regelm\u00e4\u00dfig nur nach Einwilligung des Nutzers. Eine Ausnahme gilt in solchen F\u00e4llen, in denen eine vorherige Einholung einer Einwilligung aus tats\u00e4chlichen Gr\u00fcnden nicht m\u00f6glich ist und die Verarbeitung der Daten durch gesetzliche Vorschriften gestattet ist.<\/p>\n\n\n\n<p><strong>Rechtsgrundlage f\u00fcr die Verarbeitung personenbezogener Daten<\/strong><\/p>\n\n\n\n<p>Soweit wir f\u00fcr Verarbeitungsvorg\u00e4nge personenbezogener Daten eine Einwilligung der betroffenen Person einholen, dient Art. 6 Abs. 1 lit. a EU-Datenschutzgrundverordnung (DSGVO) als Rechtsgrundlage f\u00fcr die Verarbeitung personenbezogener Daten.<br>Bei der Verarbeitung von personenbezogenen Daten, die zur Erf\u00fcllung eines Vertrages, dessen Vertragspartei die betroffene Person ist, erforderlich ist, dient Art. 6 Abs. 1 lit. b DSGVO als Rechtsgrundlage. Dies gilt auch f\u00fcr Verarbeitungsvorg\u00e4nge, die zur Durchf\u00fchrung vorvertraglicher Ma\u00dfnahmen erforderlich sind.<br>Soweit eine Verarbeitung personenbezogener Daten zur Erf\u00fcllung einer rechtlichen Verpflichtung erforderlich ist, der unser Unternehmen unterliegt, dient Art. 6 Abs. 1 lit. c DSGVO als Rechtsgrundlage.<br>F\u00fcr den Fall, dass lebenswichtige Interessen der betroffenen Person oder einer anderen nat\u00fcrlichen Person eine Verarbeitung personenbezogener Daten erforderlich machen, dient Art. 6 Abs. 1 lit. d DSGVO als Rechtsgrundlage.<br>Ist die Verarbeitung zur Wahrung eines berechtigten Interesses unseres Unternehmens oder eines Dritten erforderlich und \u00fcberwiegen die Interessen, Grundrechte und Grundfreiheiten des Betroffenen das erstgenannte Interesse nicht, so dient Art. 6 Abs. 1 lit. f DSGVO als Rechtsgrundlage f\u00fcr die Verarbeitung.<\/p>\n\n\n\n<p><strong>Datenl\u00f6schung und Speicherdauer<\/strong><\/p>\n\n\n\n<p>Die personenbezogenen Daten der betroffenen Person werden gel\u00f6scht oder gesperrt, sobald der Zweck der Speicherung entf\u00e4llt. Eine Speicherung kann dar\u00fcber hinaus dann erfolgen, wenn dies durch den europ\u00e4ischen oder nationalen Gesetzgeber in unionsrechtlichen Verordnungen, Gesetzen oder sonstigen Vorschriften, denen der Verantwortliche unterliegt, vorgesehen wurde. Eine Sperrung oder L\u00f6schung der Daten erfolgt auch dann, wenn eine durch die genannten Normen vorgeschriebene Speicherfrist abl\u00e4uft, es sei denn, dass eine Erforderlichkeit zur weiteren Speicherung der Daten f\u00fcr einen Vertragsabschluss oder eine Vertragserf\u00fcllung besteht.<\/p>\n\n\n\n<p><strong>Beschreibung und Umfang der Datenverarbeitung<\/strong><\/p>\n\n\n\n<p>Bei jedem Aufruf unserer Internetseite erfasst unser System automatisiert Daten und Informationen vom Computersystem des aufrufenden Rechners.<br><br>Folgende Daten werden hierbei erhoben:<br>Informationen \u00fcber den Browsertyp und die verwendete Version<br>Das Betriebssystem des Nutzers<br>Den Internet-Service-Provider des Nutzers<br>Die IP-Adresse des Nutzers<br>Datum und Uhrzeit des Zugriffs<br>Websites, von denen das System des Nutzers auf unsere Internetseite gelangt<br>Websites, die vom System des Nutzers \u00fcber unsere Website aufgerufen werden<br><br>Die Daten werden ebenfalls in den Logfiles unseres Systems gespeichert. Nicht hiervon betroffen sind die IP-Adressen des Nutzers oder andere Daten, die die Zuordnung der Daten zu einem Nutzer erm\u00f6glichen. Eine Speicherung dieser Daten zusammen mit anderen personenbezogenen Daten des Nutzers findet nicht statt.<br>Rechtsgrundlage f\u00fcr die vor\u00fcbergehende Speicherung der Daten ist Art. 6 Abs. 1 lit. f DSGVO.<\/p>\n\n\n\n<p><strong>Dauer der Speicherung<\/strong><\/p>\n\n\n\n<p>Die Daten werden gel\u00f6scht, sobald sie f\u00fcr die Erreichung des Zweckes ihrer Erhebung nicht mehr erforderlich sind. Im Falle der Erfassung der Daten zur Bereitstellung der Website ist dies der Fall, wenn die jeweilige Sitzung beendet ist.<\/p>\n","protected":false},"excerpt":{"rendered":"<p>Tanzsportclub Flair Herford e.V.Vertretungsberechtigter Vorstand gem. \u00a7 26 BGB:\u00a0Bj\u00f6rn Hollberg, Vorsitzender; Tim Kauling, 2. Vorsitzender; Laura Drowezki, Kassenwart. Registergericht: Amtsgericht Bad Oeynhausen Registernummer: VR 955&#8230;<\/p>\n<div class=\"more-link-wrapper\"><a class=\"more-link\" href=\"https:\/\/www.tanzsportclub-flair.de\/?page_id=36\">Weiterlesen<span class=\"screen-reader-text\">Impressum | Datenschutz<\/span><\/a><\/div>\n","protected":false},"author":2,"featured_media":0,"parent":0,"menu_order":0,"comment_status":"closed","ping_status":"closed","template":"","meta":{"footnotes":""},"class_list":["post-36","page","type-page","status-publish","hentry","entry"],"_links":{"self":[{"href":"https:\/\/www.tanzsportclub-flair.de\/index.php?rest_route=\/wp\/v2\/pages\/36","targetHints":{"allow":["GET"]}}],"collection":[{"href":"https:\/\/www.tanzsportclub-flair.de\/index.php?rest_route=\/wp\/v2\/pages"}],"about":[{"href":"https:\/\/www.tanzsportclub-flair.de\/index.php?rest_route=\/wp\/v2\/types\/page"}],"author":[{"embeddable":true,"href":"https:\/\/www.tanzsportclub-flair.de\/index.php?rest_route=\/wp\/v2\/users\/2"}],"replies":[{"embeddable":true,"href":"https:\/\/www.tanzsportclub-flair.de\/index.php?rest_route=%2Fwp%2Fv2%2Fcomments&post=36"}],"version-history":[{"count":6,"href":"https:\/\/www.tanzsportclub-flair.de\/index.php?rest_route=\/wp\/v2\/pages\/36\/revisions"}],"predecessor-version":[{"id":366,"href":"https:\/\/www.tanzsportclub-flair.de\/index.php?rest_route=\/wp\/v2\/pages\/36\/revisions\/366"}],"wp:attachment":[{"href":"https:\/\/www.tanzsportclub-flair.de\/index.php?rest_route=%2Fwp%2Fv2%2Fmedia&parent=36"}],"curies":[{"name":"wp","href":"https:\/\/api.w.org\/{rel}","templated":true}]}}